--
-- Host: localhost    Database: forge
-- ------------------------------------------------------


--
-- Table structure for table `banners`
--

CREATE TABLE `banners` (
  `id` int(10) unsigned NOT NULL AUTO_INCREMENT,
  `image` varchar(255) COLLATE utf8mb4_unicode_ci NOT NULL,
  `title` varchar(255) COLLATE utf8mb4_unicode_ci NOT NULL,
  `link` varchar(255) COLLATE utf8mb4_unicode_ci NOT NULL,
  `status` int(11) NOT NULL,
  `created_at` timestamp NULL DEFAULT NULL,
  `updated_at` timestamp NULL DEFAULT NULL,
  `position` int(3) DEFAULT NULL,
  PRIMARY KEY (`id`)
) ENGINE=InnoDB AUTO_INCREMENT=38 DEFAULT CHARSET=utf8mb4 COLLATE=utf8mb4_unicode_ci;

--
-- Dumping data for table `banners`
--

INSERT INTO `banners` VALUES (29,'58499.png','Banner-1','banner-1',1,'2019-12-17 00:50:31','2019-12-17 08:29:30',1),(30,'3098.jpg','Banner-2','Banner-2',1,'2019-12-17 00:53:19','2019-12-17 08:29:30',2),(31,'74799.jpg','Banner-3','Banner-3',1,'2019-12-17 00:53:37','2019-12-17 14:14:17',3),(32,'48378.jpg','Banner-6','Banner-6',0,'2019-12-17 00:53:52','2019-12-19 17:11:30',6),(33,'74252.jpg','Banner-7','Banner-7',1,'2019-12-17 00:54:02','2019-12-19 17:08:26',7),(34,'90343.jpeg','Banner-8','Banner-8',1,'2019-12-17 00:54:18','2019-12-19 17:09:10',8),(35,'23228.jpeg','Banner-4','Banner-4',1,'2019-12-17 00:54:38','2019-12-17 14:11:36',4),(37,'68629.jpeg','Banner-5','Banner-5',1,'2019-12-19 17:01:47','2019-12-19 17:09:38',5);

--
-- Table structure for table `cms_pages`
--

CREATE TABLE `cms_pages` (
  `id` int(11) NOT NULL AUTO_INCREMENT,
  `title` varchar(255) NOT NULL,
  `description` text NOT NULL,
  `url` varchar(30) NOT NULL,
  `status` tinyint(4) NOT NULL,
  `created_at` datetime NOT NULL,
  `updated_at` timestamp NOT NULL DEFAULT CURRENT_TIMESTAMP ON UPDATE CURRENT_TIMESTAMP,
  PRIMARY KEY (`id`)
) ENGINE=InnoDB DEFAULT CHARSET=latin1;

--
-- Dumping data for table `cms_pages`
--


--
-- Table structure for table `countries`
--

CREATE TABLE `countries` (
  `id` int(10) unsigned NOT NULL AUTO_INCREMENT,
  `country_code` varchar(2) COLLATE utf8mb4_unicode_ci NOT NULL,
  `country_name` varchar(100) COLLATE utf8mb4_unicode_ci NOT NULL,
  `created_at` timestamp NULL DEFAULT NULL,
  `updated_at` timestamp NULL DEFAULT NULL,
  PRIMARY KEY (`id`)
) ENGINE=InnoDB AUTO_INCREMENT=247 DEFAULT CHARSET=utf8mb4 COLLATE=utf8mb4_unicode_ci;

--
-- Dumping data for table `countries`
--

INSERT INTO `countries` VALUES (1,'AF','Afghanistan',NULL,NULL),(2,'AL','Albania',NULL,NULL),(3,'DZ','Algeria',NULL,NULL),(4,'DS','American Samoa',NULL,NULL),(5,'AD','Andorra',NULL,NULL),(6,'AO','Angola',NULL,NULL),(7,'AI','Anguilla',NULL,NULL),(8,'AQ','Antarctica',NULL,NULL),(9,'AG','Antigua and Barbuda',NULL,NULL),(10,'AR','Argentina',NULL,NULL),(11,'AM','Armenia',NULL,NULL),(12,'AW','Aruba',NULL,NULL),(13,'AU','Australia',NULL,NULL),(14,'AT','Austria',NULL,NULL),(15,'AZ','Azerbaijan',NULL,NULL),(16,'BS','Bahamas',NULL,NULL),(17,'BH','Bahrain',NULL,NULL),(18,'BD','Bangladesh',NULL,NULL),(19,'BB','Barbados',NULL,NULL),(20,'BY','Belarus',NULL,NULL),(21,'BE','Belgium',NULL,NULL),(22,'BZ','Belize',NULL,NULL),(23,'BJ','Benin',NULL,NULL),(24,'BM','Bermuda',NULL,NULL),(25,'BT','Bhutan',NULL,NULL),(26,'BO','Bolivia',NULL,NULL),(27,'BA','Bosnia and Herzegovina',NULL,NULL),(28,'BW','Botswana',NULL,NULL),(29,'BV','Bouvet Island',NULL,NULL),(30,'BR','Brazil',NULL,NULL),(31,'IO','British Indian Ocean Territory',NULL,NULL),(32,'BN','Brunei Darussalam',NULL,NULL),(33,'BG','Bulgaria',NULL,NULL),(34,'BF','Burkina Faso',NULL,NULL),(35,'BI','Burundi',NULL,NULL),(36,'KH','Cambodia',NULL,NULL),(37,'CM','Cameroon',NULL,NULL),(38,'CA','Canada',NULL,NULL),(39,'CV','Cape Verde',NULL,NULL),(40,'KY','Cayman Islands',NULL,NULL),(41,'CF','Central African Republic',NULL,NULL),(42,'TD','Chad',NULL,NULL),(43,'CL','Chile',NULL,NULL),(44,'CN','China',NULL,NULL),(45,'CX','Christmas Island',NULL,NULL),(46,'CC','Cocos (Keeling) Islands',NULL,NULL),(47,'CO','Colombia',NULL,NULL),(48,'KM','Comoros',NULL,NULL),(49,'CG','Congo',NULL,NULL),(50,'CK','Cook Islands',NULL,NULL),(51,'CR','Costa Rica',NULL,NULL),(52,'HR','Croatia (Hrvatska)',NULL,NULL),(53,'CU','Cuba',NULL,NULL),(54,'CY','Cyprus',NULL,NULL),(55,'CZ','Czech Republic',NULL,NULL),(56,'DK','Denmark',NULL,NULL),(57,'DJ','Djibouti',NULL,NULL),(58,'DM','Dominica',NULL,NULL),(59,'DO','Dominican Republic',NULL,NULL),(60,'TP','East Timor',NULL,NULL),(61,'EC','Ecuador',NULL,NULL),(62,'EG','Egypt',NULL,NULL),(63,'SV','El Salvador',NULL,NULL),(64,'GQ','Equatorial Guinea',NULL,NULL),(65,'ER','Eritrea',NULL,NULL),(66,'EE','Estonia',NULL,NULL),(67,'ET','Ethiopia',NULL,NULL),(68,'FK','Falkland Islands (Malvinas)',NULL,NULL),(69,'FO','Faroe Islands',NULL,NULL),(70,'FJ','Fiji',NULL,NULL),(71,'FI','Finland',NULL,NULL),(72,'FR','France',NULL,NULL),(73,'FX','France, Metropolitan',NULL,NULL),(74,'GF','French Guiana',NULL,NULL),(75,'PF','French Polynesia',NULL,NULL),(76,'TF','French Southern Territories',NULL,NULL),(77,'GA','Gabon',NULL,NULL),(78,'GM','Gambia',NULL,NULL),(79,'GE','Georgia',NULL,NULL),(80,'DE','Germany',NULL,NULL),(81,'GH','Ghana',NULL,NULL),(82,'GI','Gibraltar',NULL,NULL),(83,'GK','Guernsey',NULL,NULL),(84,'GR','Greece',NULL,NULL),(85,'GL','Greenland',NULL,NULL),(86,'GD','Grenada',NULL,NULL),(87,'GP','Guadeloupe',NULL,NULL),(88,'GU','Guam',NULL,NULL),(89,'GT','Guatemala',NULL,NULL),(90,'GN','Guinea',NULL,NULL),(91,'GW','Guinea-Bissau',NULL,NULL),(92,'GY','Guyana',NULL,NULL),(93,'HT','Haiti',NULL,NULL),(94,'HM','Heard and Mc Donald Islands',NULL,NULL),(95,'HN','Honduras',NULL,NULL),(96,'HK','Hong Kong',NULL,NULL),(97,'HU','Hungary',NULL,NULL),(98,'IS','Iceland',NULL,NULL),(99,'IN','India',NULL,NULL),(100,'IM','Isle of Man',NULL,NULL),(101,'ID','Indonesia',NULL,NULL),(102,'IR','Iran (Islamic Republic of)',NULL,NULL),(103,'IQ','Iraq',NULL,NULL),(104,'IE','Ireland',NULL,NULL),(105,'IL','Israel',NULL,NULL),(106,'IT','Italy',NULL,NULL),(107,'CI','Ivory Coast',NULL,NULL),(108,'JE','Jersey',NULL,NULL),(109,'JM','Jamaica',NULL,NULL),(110,'JP','Japan',NULL,NULL),(111,'JO','Jordan',NULL,NULL),(112,'KZ','Kazakhstan',NULL,NULL),(113,'KE','Kenya',NULL,NULL),(114,'KI','Kiribati',NULL,NULL),(115,'KP','Korea, Democratic People\'s Republic of',NULL,NULL),(116,'KR','Korea, Republic of',NULL,NULL),(117,'XK','Kosovo',NULL,NULL),(118,'KW','Kuwait',NULL,NULL),(119,'KG','Kyrgyzstan',NULL,NULL),(120,'LA','Lao People\'s Democratic Republic',NULL,NULL),(121,'LV','Latvia',NULL,NULL),(122,'LB','Lebanon',NULL,NULL),(123,'LS','Lesotho',NULL,NULL),(124,'LR','Liberia',NULL,NULL),(125,'LY','Libyan Arab Jamahiriya',NULL,NULL),(126,'LI','Liechtenstein',NULL,NULL),(127,'LT','Lithuania',NULL,NULL),(128,'LU','Luxembourg',NULL,NULL),(129,'MO','Macau',NULL,NULL),(130,'MK','Macedonia',NULL,NULL),(131,'MG','Madagascar',NULL,NULL),(132,'MW','Malawi',NULL,NULL),(133,'MY','Malaysia',NULL,NULL),(134,'MV','Maldives',NULL,NULL),(135,'ML','Mali',NULL,NULL),(136,'MT','Malta',NULL,NULL),(137,'MH','Marshall Islands',NULL,NULL),(138,'MQ','Martinique',NULL,NULL),(139,'MR','Mauritania',NULL,NULL),(140,'MU','Mauritius',NULL,NULL),(141,'TY','Mayotte',NULL,NULL),(142,'MX','Mexico',NULL,NULL),(143,'FM','Micronesia, Federated States of',NULL,NULL),(144,'MD','Moldova, Republic of',NULL,NULL),(145,'MC','Monaco',NULL,NULL),(146,'MN','Mongolia',NULL,NULL),(147,'ME','Montenegro',NULL,NULL),(148,'MS','Montserrat',NULL,NULL),(149,'MA','Morocco',NULL,NULL),(150,'MZ','Mozambique',NULL,NULL),(151,'MM','Myanmar',NULL,NULL),(152,'NA','Namibia',NULL,NULL),(153,'NR','Nauru',NULL,NULL),(154,'NP','Nepal',NULL,NULL),(155,'NL','Netherlands',NULL,NULL),(156,'AN','Netherlands Antilles',NULL,NULL),(157,'NC','New Caledonia',NULL,NULL),(158,'NZ','New Zealand',NULL,NULL),(159,'NI','Nicaragua',NULL,NULL),(160,'NE','Niger',NULL,NULL),(161,'NG','Nigeria',NULL,NULL),(162,'NU','Niue',NULL,NULL),(163,'NF','Norfolk Island',NULL,NULL),(164,'MP','Northern Mariana Islands',NULL,NULL),(165,'NO','Norway',NULL,NULL),(166,'OM','Oman',NULL,NULL),(167,'PK','Pakistan',NULL,NULL),(168,'PW','Palau',NULL,NULL),(169,'PS','Palestine',NULL,NULL),(170,'PA','Panama',NULL,NULL),(171,'PG','Papua New Guinea',NULL,NULL),(172,'PY','Paraguay',NULL,NULL),(173,'PE','Peru',NULL,NULL),(174,'PH','Philippines',NULL,NULL),(175,'PN','Pitcairn',NULL,NULL),(176,'PL','Poland',NULL,NULL),(177,'PT','Portugal',NULL,NULL),(178,'PR','Puerto Rico',NULL,NULL),(179,'QA','Qatar',NULL,NULL),(180,'RE','Reunion',NULL,NULL),(181,'RO','Romania',NULL,NULL),(182,'RU','Russian Federation',NULL,NULL),(183,'RW','Rwanda',NULL,NULL),(184,'KN','Saint Kitts and Nevis',NULL,NULL),(185,'LC','Saint Lucia',NULL,NULL),(186,'VC','Saint Vincent and the Grenadines',NULL,NULL),(187,'WS','Samoa',NULL,NULL),(188,'SM','San Marino',NULL,NULL),(189,'ST','Sao Tome and Principe',NULL,NULL),(190,'SA','Saudi Arabia',NULL,NULL),(191,'SN','Senegal',NULL,NULL),(192,'RS','Serbia',NULL,NULL),(193,'SC','Seychelles',NULL,NULL),(194,'SL','Sierra Leone',NULL,NULL),(195,'SG','Singapore',NULL,NULL),(196,'SK','Slovakia',NULL,NULL),(197,'SI','Slovenia',NULL,NULL),(198,'SB','Solomon Islands',NULL,NULL),(199,'SO','Somalia',NULL,NULL),(200,'ZA','South Africa',NULL,NULL),(201,'GS','South Georgia South Sandwich Islands',NULL,NULL),(202,'SS','South Sudan',NULL,NULL),(203,'ES','Spain',NULL,NULL),(204,'LK','Sri Lanka',NULL,NULL),(205,'SH','St. Helena',NULL,NULL),(206,'PM','St. Pierre and Miquelon',NULL,NULL),(207,'SD','Sudan',NULL,NULL),(208,'SR','Suriname',NULL,NULL),(209,'SJ','Svalbard and Jan Mayen Islands',NULL,NULL),(210,'SZ','Swaziland',NULL,NULL),(211,'SE','Sweden',NULL,NULL),(212,'CH','Switzerland',NULL,NULL),(213,'SY','Syrian Arab Republic',NULL,NULL),(214,'TW','Taiwan',NULL,NULL),(215,'TJ','Tajikistan',NULL,NULL),(216,'TZ','Tanzania, United Republic of',NULL,NULL),(217,'TH','Thailand',NULL,NULL),(218,'TG','Togo',NULL,NULL),(219,'TK','Tokelau',NULL,NULL),(220,'TO','Tonga',NULL,NULL),(221,'TT','Trinidad and Tobago',NULL,NULL),(222,'TN','Tunisia',NULL,NULL),(223,'TR','Turkey',NULL,NULL),(224,'TM','Turkmenistan',NULL,NULL),(225,'TC','Turks and Caicos Islands',NULL,NULL),(226,'TV','Tuvalu',NULL,NULL),(227,'UG','Uganda',NULL,NULL),(228,'UA','Ukraine',NULL,NULL),(229,'AE','United Arab Emirates',NULL,NULL),(230,'GB','United Kingdom',NULL,NULL),(231,'US','United States',NULL,NULL),(232,'UM','United States minor outlying islands',NULL,NULL),(233,'UY','Uruguay',NULL,NULL),(234,'UZ','Uzbekistan',NULL,NULL),(235,'VU','Vanuatu',NULL,NULL),(236,'VA','Vatican City State',NULL,NULL),(237,'VE','Venezuela',NULL,NULL),(238,'VN','Vietnam',NULL,NULL),(239,'VG','Virgin Islands (British)',NULL,NULL),(240,'VI','Virgin Islands (U.S.)',NULL,NULL),(241,'WF','Wallis and Futuna Islands',NULL,NULL),(242,'EH','Western Sahara',NULL,NULL),(243,'YE','Yemen',NULL,NULL),(244,'ZR','Zaire',NULL,NULL),(245,'ZM','Zambia',NULL,NULL),(246,'ZW','Zimbabwe',NULL,NULL);

--
-- Table structure for table `coupons`
--

CREATE TABLE `coupons` (
  `id` int(10) unsigned NOT NULL AUTO_INCREMENT,
  `coupon_code` varchar(255) COLLATE utf8mb4_unicode_ci NOT NULL,
  `amount` int(11) NOT NULL,
  `amount_type` varchar(255) COLLATE utf8mb4_unicode_ci NOT NULL,
  `expiry_date` date NOT NULL,
  `status` int(11) NOT NULL,
  `created_at` timestamp NULL DEFAULT NULL,
  `updated_at` timestamp NULL DEFAULT NULL,
  PRIMARY KEY (`id`)
) ENGINE=InnoDB AUTO_INCREMENT=3 DEFAULT CHARSET=utf8mb4 COLLATE=utf8mb4_unicode_ci;

--
-- Dumping data for table `coupons`
--

INSERT INTO `coupons` VALUES (1,'12345',20,'Prozentsatz','2019-07-25',1,'2019-06-24 08:06:14','2019-07-04 14:46:01'),(2,'10% RABATT',10,'Prozentsatz','2030-10-20',1,'2019-07-23 10:10:58','2019-09-24 07:39:59');

--
-- Table structure for table `delivery_addresses`
--

CREATE TABLE `delivery_addresses` (
  `id` int(11) NOT NULL AUTO_INCREMENT,
  `user_id` int(11) NOT NULL,
  `user_email` varchar(255) COLLATE utf8_unicode_ci NOT NULL,
  `name` varchar(255) COLLATE utf8_unicode_ci NOT NULL,
  `lastname` varchar(123) COLLATE utf8_unicode_ci NOT NULL,
  `address` varchar(255) COLLATE utf8_unicode_ci NOT NULL,
  `state` varchar(255) COLLATE utf8_unicode_ci NOT NULL,
  `country` varchar(255) COLLATE utf8_unicode_ci NOT NULL,
  `pincode` varchar(255) COLLATE utf8_unicode_ci NOT NULL,
  `mobile` varchar(255) COLLATE utf8_unicode_ci NOT NULL,
  `created_at` timestamp NOT NULL DEFAULT CURRENT_TIMESTAMP ON UPDATE CURRENT_TIMESTAMP,
  `updated_at` timestamp NOT NULL DEFAULT CURRENT_TIMESTAMP ON UPDATE CURRENT_TIMESTAMP,
  PRIMARY KEY (`id`)
) ENGINE=InnoDB AUTO_INCREMENT=24 DEFAULT CHARSET=utf8 COLLATE=utf8_unicode_ci;

--
-- Dumping data for table `delivery_addresses`
--

INSERT INTO `delivery_addresses` VALUES (1,0,'rudolfpetrusic@gmail.com','Rudolf Petrusic','Petrusic','Guca Gora 24a','SW','Switzerland','72277','0625585939','2019-06-13 09:53:19','2019-06-13 09:53:19'),(2,1,'rudolfpetrusic@gmail.com','Rudolf Petrusic','Petrusic','Guca Gora 24a','SW','Switzerland','72277','0625585939','2019-06-13 12:13:13','2019-06-13 12:13:13'),(3,2,'rudolfpetrusic2016@outlook.com','Anto','DDDDD','Novi travnik','SW','Bosnia and Herzegovina','72277','0625585939','2019-06-13 12:31:51','2019-06-13 12:31:51'),(4,3,'konfigurator@katrieldev.com','sswsss','ffff','gg','dfg','Bosnia and Herzegovina','dfg','5555','2019-06-13 10:26:07','2019-06-13 10:26:07'),(5,7,'rudolfpetrusic@gmail.com','Rudolf','Petrusic','Guca Gora 24a','Srednjobosanski kanton','Bosnia and Herzegovina','72277','062700798','2019-06-24 18:27:34','2019-06-24 18:27:34'),(6,8,'konfigurator@katrieldev.com','Almir','dddd','gg','dfg','Andorra','dfg','5555','2019-06-14 12:29:04','2019-06-14 12:29:04'),(7,9,'almir_zukan@yahoo.com','Gostssss','dddd','ssssddddddddddd','sddd','Argentina','dfdfsd','234234234234','2019-06-24 13:38:07','2019-06-24 13:38:07'),(8,10,'katriel.info@gmail.com','Rudolf Petrusic','Petrusic','Guca Gora 24a','SW','Switzerland','72277','0625585939','2019-06-14 13:14:08','2019-06-14 13:14:08'),(9,11,'marketing@katrieldev.com','Anto Bilic','Skoljic','Donje Putićevo BB','Bosna i Hercegovina','Bosnia and Herzegovina','72270','+38761234567','2019-06-15 06:31:52','2019-06-15 06:31:52'),(10,12,'rdimaria@icloud.com','Renato','Di Maria','Kastanienweg 15','BE','Switzerland','4914','41765767311','2019-06-24 16:18:01','2019-06-24 16:18:01'),(11,13,'katriel.info@gmail.com','KatrielDev','Test','TEST','Switzerland','Switzerland','01245','63789858','2019-08-10 08:43:51','2019-08-10 08:43:51'),(12,14,'selanare@gmail.com','Renato','Di Maria','Kastanienweg 15','Roggwil','Switzerland','4914','41765767311','2020-06-15 17:51:54','2020-06-15 17:51:54'),(13,15,'almir_zukan@yahoo.com','Testt','dddd','Travnik','Vitez','Switzerland','72250','063391753','2020-03-05 09:08:05','2020-03-05 09:08:05'),(14,17,'lawrencepostal@gmail.com','Lorenz','Schaffner','Gradac bb','dolac na Lasvi','Bosnia and Herzegovina','72278','063333037','2019-10-11 20:14:17','2019-10-11 20:14:17'),(15,22,'pdimaria@macgrafix.ch','Piero','Di Maria','Kirchweg 32','Hindelbank','Switzerland','3324','034 411 07 40','2019-11-01 08:26:41','2019-11-01 08:26:41'),(16,24,'jason.a.bard@gmail.com','adnan','elezovic','2301','City','Switzerland','72270','231213','2019-12-05 12:19:56','2019-12-05 12:19:56'),(17,25,'rdimaria@icloud.com','Renato Di Maria','Di Maria','Kastanienweg 15','BE','Switzerland','4914 Roggwil','765767311','2020-05-06 14:59:18','2020-05-06 14:59:18'),(18,27,'hagi_manuela@hotmail.com','Manuela','Hagenbuch','Prés de l\'envers 2','Cortébert','Switzerland','2607','0796880986','2020-04-23 07:45:33','2020-04-23 07:45:33'),(19,28,'jason.a.bard@gmail.com','Adnan','Elezovic','Donja Mahala 3/40','123123','Germany','72270','123123','2020-04-24 09:07:49','2020-04-24 09:07:49'),(20,29,'evelyn_weber@bluewin.ch','Evelyn','Weber','Gässli 4','4923','Switzerland','Wynau','+41797333714','2020-04-25 20:12:07','2020-04-25 20:12:07'),(21,30,'trendrent@bluewin.ch','Andre','Oberholzer','Bündtliweg 6','Safenwil','Switzerland','5745','0795656565','2020-05-06 22:13:50','2020-05-06 22:13:50'),(22,31,'almir_zukan@yahoo.com','Almir','Zukan','Gesprächen','sddd','Germany','dfg','5555','2020-06-17 10:21:22','2020-06-17 10:21:22'),(23,32,'elezovic3388@gmail.com','Adnan','Elezovic','Donja Mahala 1/80','Srednjobosanski','Germany','72270','123123','2020-05-08 07:12:46','2020-05-08 07:12:46');

--
-- Table structure for table `gallery`
--

CREATE TABLE `gallery` (
  `id` int(10) unsigned NOT NULL AUTO_INCREMENT,
  `image_name` varchar(255) COLLATE utf8mb4_unicode_ci NOT NULL,
  `image` varchar(255) COLLATE utf8mb4_unicode_ci NOT NULL,
  `status` int(11) NOT NULL,
  `created_at` timestamp NULL DEFAULT NULL,
  `updated_at` timestamp NULL DEFAULT NULL,
  PRIMARY KEY (`id`)
) ENGINE=InnoDB AUTO_INCREMENT=68 DEFAULT CHARSET=utf8mb4 COLLATE=utf8mb4_unicode_ci;

--
-- Dumping data for table `gallery`
--

INSERT INTO `gallery` VALUES (49,'Bild1','9261.jpg',1,'2019-06-25 10:38:22','2019-06-25 10:38:22'),(50,'Bild2','48187.jpg',1,'2019-06-25 10:43:49','2019-06-25 10:43:49'),(51,'Bild3','20419.jpg',1,'2019-06-25 10:44:02','2019-06-25 10:44:02'),(52,'Bild4','28804.jpg',1,'2019-06-25 10:44:36','2019-06-25 10:44:36'),(53,'Bild5','25861.jpg',1,'2019-06-25 10:45:01','2019-06-25 10:45:01'),(54,'Bild6','62311.jpg',1,'2019-06-25 10:45:35','2019-06-25 10:45:35'),(55,'Bild7','47837.jpg',1,'2019-06-25 10:45:50','2019-06-25 10:45:50'),(56,'Bild8','13745.jpg',1,'2019-06-25 10:46:05','2019-06-25 10:46:05'),(57,'','99900.jpeg',1,'2019-12-06 21:03:03','2019-12-06 21:09:35'),(59,'','79798.jpeg',1,'2019-12-06 21:06:12','2019-12-12 11:06:39'),(60,'','60932.jpeg',1,'2019-12-06 21:07:43','2019-12-06 21:10:27'),(61,'','12863.jpeg',1,'2019-12-06 21:08:31','2019-12-06 21:10:37'),(62,'S','7946.jpeg',1,'2019-12-10 18:20:45','2019-12-10 18:20:45'),(63,'D','32928.jpeg',1,'2019-12-10 18:21:23','2019-12-10 18:21:23'),(64,'D','24428.jpeg',1,'2019-12-10 18:22:42','2019-12-10 18:22:42'),(65,'D','82630.jpeg',1,'2019-12-10 18:23:02','2019-12-10 18:23:02'),(67,'Küche','65339.jpg',0,'2019-12-13 07:35:04','2019-12-13 07:36:13');

--
-- Table structure for table `handelspartner`
--

CREATE TABLE `handelspartner` (
  `id` int(11) NOT NULL AUTO_INCREMENT,
  `title` varchar(191) COLLATE utf8mb4_unicode_ci DEFAULT NULL,
  `cover_image` varchar(191) COLLATE utf8mb4_unicode_ci NOT NULL,
  `content` text COLLATE utf8mb4_unicode_ci NOT NULL,
  `created_at` datetime NOT NULL,
  `updated_at` datetime NOT NULL,
  PRIMARY KEY (`id`)
) ENGINE=InnoDB AUTO_INCREMENT=2 DEFAULT CHARSET=utf8mb4 COLLATE=utf8mb4_unicode_ci;

--
-- Dumping data for table `handelspartner`
--

INSERT INTO `handelspartner` VALUES (1,'Handelspartner','handelspartner.jpg','<p>info@imrex.ch</p>','2019-12-17 02:34:40','2019-12-17 08:50:38');

--
-- Table structure for table `migrations`
--

CREATE TABLE `migrations` (
  `id` int(10) unsigned NOT NULL AUTO_INCREMENT,
  `migration` varchar(255) COLLATE utf8mb4_unicode_ci NOT NULL,
  `batch` int(11) NOT NULL,
  PRIMARY KEY (`id`)
) ENGINE=InnoDB AUTO_INCREMENT=17 DEFAULT CHARSET=utf8mb4 COLLATE=utf8mb4_unicode_ci;

--
-- Dumping data for table `migrations`
--

INSERT INTO `migrations` VALUES (1,'2019_05_16_100310_create_products_table',1),(2,'2019_05_16_100406_create_countries_table',1),(3,'2019_05_16_100525_create_coupons_table',1),(4,'2019_05_16_100558_create_delivery_addresses_table',1),(5,'2019_05_16_100640_create_orders_table',1),(6,'2019_05_16_100706_create_orders_products_table',1),(7,'2019_05_16_100801_create_products_attributes_table',1),(8,'2019_05_16_100823_create_products_images_table',1),(9,'2019_05_16_100839_create_users_table',1),(10,'2019_05_16_100916_create_categories_table',1),(11,'2019_05_16_100937_create_posts_table',1),(12,'2019_05_16_100954_create_post_categories_table',1),(13,'2019_05_16_101016_create_gallery_table',1),(14,'2019_05_16_101031_create_cart_table',1),(15,'2019_05_16_101139_create_banners_table',1),(16,'2019_05_16_101202_create_admins_table',1);

--
-- Table structure for table `orders`
--

CREATE TABLE `orders` (
  `id` int(11) NOT NULL AUTO_INCREMENT,
  `user_id` int(11) NOT NULL,
  `user_email` varchar(255) NOT NULL,
  `name` varchar(255) NOT NULL,
  `lastname` varchar(122) NOT NULL,
  `address` varchar(255) NOT NULL,
  `state` varchar(255) NOT NULL,
  `pincode` varchar(255) NOT NULL,
  `country` varchar(255) NOT NULL,
  `mobile` varchar(255) NOT NULL,
  `shipping_charges` float NOT NULL,
  `coupon_code` varchar(255) NOT NULL,
  `coupon_amount` float NOT NULL,
  `order_status` varchar(255) NOT NULL,
  `payment_method` varchar(255) NOT NULL,
  `grand_total` float(10,2) NOT NULL,
  `created_at` datetime NOT NULL,
  `updated_at` timestamp NOT NULL DEFAULT CURRENT_TIMESTAMP ON UPDATE CURRENT_TIMESTAMP,
  `shippingMethod` varchar(255) DEFAULT NULL,
  PRIMARY KEY (`id`)
) ENGINE=InnoDB AUTO_INCREMENT=356 DEFAULT CHARSET=latin1;

--
-- Dumping data for table `orders`
--

INSERT INTO `orders` VALUES (265,14,'selanare@gmail.com','Di Maria','','Kastanienweg 15','Roggwil','4914','Switzerland','41765767311',0,'',0,'New','COD',2513.00,'2020-04-07 07:01:48','2020-04-07 07:01:48','Selbstabholung'),(266,27,'hagi_manuela@hotmail.com','Hagenbuch','','Prés de l\'envers 2','Cortébert','2607','Switzerland','0796880986',0,'',0,'New','COD',334.00,'2020-04-23 07:46:01','2020-04-24 09:13:39','Lieferung bis 50km'),(267,29,'evelyn_weber@bluewin.ch','Weber','','Gässli 4','4923','Wynau','Switzerland','+41797333714',0,'',0,'New','COD',173.00,'2020-04-25 20:13:06','2020-04-25 20:13:06','Selbstabholung'),(268,14,'selanare@gmail.com','Di Maria','','Kastanienweg 15','Roggwil','4914','Switzerland','41765767311',0,'',0,'New','COD',262.00,'2020-04-26 18:49:28','2020-04-26 18:49:28','Lieferung bis 50km'),(269,25,'rdimaria@icloud.com','Di Maria','','Kastanienweg 15','BE','4914','Switzerland','41765767311',0,'',0,'New','COD',219.00,'2020-05-06 15:00:12','2020-05-06 15:00:12','Lieferung bis 50km'),(270,30,'trendrent@bluewin.ch','Oberholzer','','Bündtliweg 6','Safenwil','5745','Switzerland','0795656565',0,'',0,'New','COD',100.00,'2020-05-06 22:17:08','2020-05-06 22:17:08','Selbstabholung'),(271,14,'selanare@gmail.com','Di Maria','','Kastanienweg 15','Roggwil','4914','Switzerland','41765767311',0,'',0,'New','COD',11862.00,'2020-05-07 10:12:06','2020-05-07 10:12:06','Selbstabholung'),(295,14,'selanare@gmail.com','Di Maria','','Kastanienweg 15','Roggwil','4914','Switzerland','41765767311',0,'',0,'New','COD',11333.43,'2020-05-11 08:41:30','2020-05-11 08:41:30','Selbstabholung'),(296,14,'selanare@gmail.com','Di Maria','','Kastanienweg 15','Roggwil','4914','Switzerland','41765767311',0,'',0,'New','COD',227.40,'2020-05-26 08:31:49','2020-05-26 08:31:49','Lieferung bis 50km'),(297,14,'selanare@gmail.com','Di Maria','','Kastanienweg 15','Roggwil','4914','Switzerland','41765767311',0,'',0,'New','COD',10804.33,'2020-05-26 09:04:44','2020-05-26 09:04:44','Selbstabholung'),(298,14,'selanare@gmail.com','Di Maria','','Kastanienweg 15','Roggwil','4914','Switzerland','41765767311',0,'',0,'New','COD',777.60,'2020-05-26 09:29:20','2020-05-26 09:29:20','Lieferung bis 50km'),(336,14,'selanare@gmail.com','Di Maria','','Kastanienweg 15','Roggwil','4914','Switzerland','41765767311',0,'',0,'New','COD',12243.00,'2020-06-09 18:23:06','2020-06-09 18:23:06','Lieferung bis 50km'),(337,14,'selanare@gmail.com','Di Maria','','Kastanienweg 15','Roggwil','4914','Switzerland','41765767311',0,'',0,'New','COD',12243.00,'2020-06-09 18:23:12','2020-06-09 18:23:12','Lieferung bis 50km'),(338,14,'selanare@gmail.com','Di Maria','','Kastanienweg 15','Roggwil','4914','Switzerland','41765767311',0,'',0,'New','COD',12243.00,'2020-06-09 18:23:17','2020-06-09 18:23:17','Lieferung bis 50km'),(339,14,'selanare@gmail.com','Di Maria','','Kastanienweg 15','Roggwil','4914','Switzerland','41765767311',0,'',0,'New','COD',12243.00,'2020-06-09 18:25:39','2020-06-09 18:25:39','Lieferung bis 50km'),(340,14,'selanare@gmail.com','Di Maria','','Kastanienweg 15','Roggwil','4914','Switzerland','41765767311',0,'',0,'New','COD',12243.00,'2020-06-09 18:27:40','2020-06-09 18:27:40','Lieferung bis 50km'),(341,14,'selanare@gmail.com','Di Maria','','Kastanienweg 15','Roggwil','4914','Switzerland','41765767311',0,'',0,'New','COD',11949.12,'2020-06-09 18:42:57','2020-06-09 18:42:57','Lieferung bis 50km'),(342,14,'selanare@gmail.com','Di Maria','','Kastanienweg 15','Roggwil','4914','Switzerland','41765767311',0,'',0,'New','COD',257.40,'2020-06-09 18:44:24','2020-06-09 18:44:24','Lieferung bis 50km'),(343,14,'selanare@gmail.com','Di Maria','','Kastanienweg 15','Roggwil','4914','Switzerland','41765767311',0,'',0,'New','COD',5452.30,'2020-06-15 17:41:28','2020-06-15 17:41:28','Lieferung bis 50km'),(344,14,'selanare@gmail.com','Di Maria','','Kastanienweg 15','Roggwil','4914','Switzerland','41765767311',0,'',0,'New','COD',10399.19,'2020-06-15 17:52:03','2020-06-15 17:52:03','Lieferung bis 50km'),(345,31,'almir_zukan@yahoo.com','dddd','','ssssddddddddddd','sddd','dfdfsd','Argentina','234234234234',0,'',0,'New','COD',16295.56,'2020-06-16 20:56:07','2020-06-16 20:56:07','Selbstabholung'),(346,31,'almir_zukan@yahoo.com','dddd','','ssssddddddddddd','sddd','dfdfsd','Argentina','234234234234',0,'',0,'New','COD',4232.60,'2020-06-17 07:13:07','2020-06-17 07:13:07','Selbstabholung'),(347,31,'almir_zukan@yahoo.com','dddd','','ssssddddddddddd','sddd','dfdfsd','Argentina','234234234234',0,'',0,'New','COD',17353.71,'2020-06-17 07:19:40','2020-06-17 07:19:40','Selbstabholung'),(348,31,'almir_zukan@yahoo.com','dddd','','ssssddddddddddd','sddd','dfdfsd','Argentina','234234234234',0,'',0,'New','COD',13318.14,'2020-06-17 07:22:22','2020-06-17 07:22:22','Selbstabholung'),(349,31,'almir_zukan@yahoo.com','dddd','','ssssddddddddddd','sddd','dfdfsd','Argentina','234234234234',0,'',0,'New','COD',5819.85,'2020-06-17 07:24:54','2020-06-17 07:24:54','Selbstabholung'),(350,31,'almir_zukan@yahoo.com','dddd','','ssssddddddddddd','sddd','dfdfsd','Argentina','234234234234',0,'',0,'New','COD',6878.00,'2020-06-17 07:27:34','2020-06-17 07:27:34','Selbstabholung'),(351,31,'almir_zukan@yahoo.com','dddd','','ssssddddddddddd','sddd','dfdfsd','Argentina','234234234234',0,'',0,'New','COD',5290.75,'2020-06-17 07:31:49','2020-06-17 07:31:49','Selbstabholung'),(352,31,'almir_zukan@yahoo.com','dddd','','ssssddddddddddd','sddd','dfdfsd','Argentina','234234234234',0,'',0,'New','COD',6194.45,'2020-06-17 08:35:53','2020-06-17 08:35:53','Selbstabholung'),(353,31,'almir_zukan@yahoo.com','dddd','','ssssddddddddddd','sddd','dfdfsd','Argentina','234234234234',0,'',0,'New','COD',65.85,'2020-06-17 08:36:47','2020-06-17 08:36:47','Selbstabholung'),(354,31,'almir_zukan@yahoo.com','dddd','','ssssddddddddddd','sddd','dfdfsd','Argentina','234234234234',0,'',0,'New','COD',6348.90,'2020-06-17 08:38:14','2020-06-17 08:38:14','Selbstabholung'),(355,31,'almir_zukan@yahoo.com','dddd','','ssssddddddddddd','sddd','dfdfsd','Argentina','234234234234',0,'',0,'New','COD',9581.05,'2020-06-17 10:21:25','2020-06-17 10:21:25','Selbstabholung');

--
-- Table structure for table `orders_products`
--

CREATE TABLE `orders_products` (
  `id` int(11) NOT NULL AUTO_INCREMENT,
  `order_id` int(11) NOT NULL,
  `user_id` int(11) NOT NULL,
  `product_id` int(11) NOT NULL,
  `product_code` varchar(255) NOT NULL,
  `product_name` varchar(255) NOT NULL,
  `product_size` varchar(255) NOT NULL,
  `product_color` varchar(255) NOT NULL,
  `product_price` decimal(10,2) NOT NULL,
  `product_qty` int(11) NOT NULL,
  `seite1` varchar(250) CHARACTER SET utf8mb4 COLLATE utf8mb4_unicode_ci DEFAULT NULL,
  `seite2` varchar(250) CHARACTER SET utf8mb4 COLLATE utf8mb4_unicode_ci DEFAULT NULL,
  `seite3` varchar(250) CHARACTER SET utf8mb4 COLLATE utf8mb4_unicode_ci DEFAULT NULL,
  `seite4` varchar(250) CHARACTER SET utf8mb4 COLLATE utf8mb4_unicode_ci DEFAULT NULL,
  `seite5` varchar(250) CHARACTER SET utf8mb4 COLLATE utf8mb4_unicode_ci DEFAULT NULL,
  `seite6` varchar(250) CHARACTER SET utf8mb4 COLLATE utf8mb4_unicode_ci DEFAULT NULL,
  `seite7` varchar(250) CHARACTER SET utf8mb4 COLLATE utf8mb4_unicode_ci DEFAULT NULL,
  `seite8` varchar(250) CHARACTER SET utf8mb4 COLLATE utf8mb4_unicode_ci DEFAULT NULL,
  `glas` varchar(50) CHARACTER SET utf8mb4 COLLATE utf8mb4_unicode_ci DEFAULT NULL,
  `handlauf` varchar(50) CHARACTER SET utf8mb4 COLLATE utf8mb4_unicode_ci DEFAULT NULL,
  `hohe` varchar(50) CHARACTER SET utf8mb4 COLLATE utf8mb4_unicode_ci DEFAULT NULL,
  `material` varchar(50) CHARACTER SET utf8mb4 COLLATE utf8mb4_unicode_ci DEFAULT NULL,
  `baglama` varchar(50) CHARACTER SET utf8mb4 COLLATE utf8mb4_unicode_ci DEFAULT NULL,
  `veza` varchar(100) CHARACTER SET utf8mb4 COLLATE utf8mb4_unicode_ci DEFAULT NULL,
  `pocetak` varchar(100) CHARACTER SET utf8mb4 COLLATE utf8mb4_unicode_ci DEFAULT NULL,
  `kraj` varchar(100) CHARACTER SET utf8mb4 COLLATE utf8mb4_unicode_ci DEFAULT NULL,
  `lange` varchar(50) CHARACTER SET utf8mb4 COLLATE utf8mb4_unicode_ci DEFAULT NULL,
  `created_at` datetime NOT NULL,
  `updated_at` timestamp NOT NULL DEFAULT CURRENT_TIMESTAMP,
  `model` varchar(255) DEFAULT NULL,
  `montaza` varchar(255) DEFAULT NULL,
  `nazivpdfa` longtext,
  `nazivpdfa3` longtext,
  PRIMARY KEY (`id`)
) ENGINE=InnoDB AUTO_INCREMENT=541 DEFAULT CHARSET=latin1;

--
-- Dumping data for table `orders_products`
--

INSERT INTO `orders_products` VALUES (426,265,14,16,'800013','Vertikale Staketen','1','Hochglanz',2333.00,1,'Länge: 5000 Feld: 5','','','','','','','','Hochglanz','Metall V2A','1000 mm','Hochglanz','Edelstahl V4A, 40x50 mm, abgerundet','Aufgesetzte Montage mit Fuss','Freistehender Pfosten mit geradem Abschluss','Freistehender Pfosten mit geradem Abschluss    ','5000','2020-04-07 07:01:48','2020-04-07 07:01:48','Vertikal Füllstäbe','ohne',NULL,NULL),(427,266,27,2,'90076','Blumenkiste 50x50x52','','Braun',54.00,3,NULL,NULL,NULL,NULL,NULL,NULL,NULL,NULL,NULL,NULL,NULL,NULL,NULL,NULL,NULL,NULL,NULL,'2020-04-23 07:46:01','2020-04-23 07:46:01',NULL,NULL,NULL,NULL),(428,267,29,2,'90076','Blumenkiste 50x50x52','','Braun',54.00,3,NULL,NULL,NULL,NULL,NULL,NULL,NULL,NULL,NULL,NULL,NULL,NULL,NULL,NULL,NULL,NULL,NULL,'2020-04-25 20:13:06','2020-04-25 20:13:06',NULL,NULL,NULL,NULL),(429,268,14,113,'90016','Robinie mit umlaufendem Rahmen. Ab 30.04 verfügbar','','Braun',93.00,1,NULL,NULL,NULL,NULL,NULL,NULL,NULL,NULL,NULL,NULL,NULL,NULL,NULL,NULL,NULL,NULL,NULL,'2020-04-26 18:49:28','2020-04-26 18:49:28',NULL,NULL,NULL,NULL),(430,269,25,2,'90076','Blumenkiste 50x50x52      Ab 30. April wieder verfügbar','','Braun',54.00,1,NULL,NULL,NULL,NULL,NULL,NULL,NULL,NULL,NULL,NULL,NULL,NULL,NULL,NULL,NULL,NULL,NULL,'2020-05-06 15:00:12','2020-05-06 15:00:12',NULL,NULL,NULL,NULL),(431,270,30,113,'90016','Robinie mit umlaufendem Rahmen. Ab 30.04 verfügbar','','Braun',93.00,1,NULL,NULL,NULL,NULL,NULL,NULL,NULL,NULL,NULL,NULL,NULL,NULL,NULL,NULL,NULL,NULL,NULL,'2020-05-06 22:17:08','2020-05-06 22:17:08',NULL,NULL,NULL,NULL),(432,271,14,14,'800011','Glasscheibe, Handlauf','1','Klarglas',4863.00,1,'Länge: 9900 Feld: 9','','','','','','','','Klarglas','Metall V2A','1000 mm','Matt','Edelstahl V4A, 45x45 mm, quadratisch ','Seitliche Montage','Freistehender Pfosten mit geradem Abschluss   ','Freistehender Pfosten mit geradem Abschluss    ','9900','2020-05-07 10:12:06','2020-05-07 10:12:06','Glasscheibe, Handlauf','mit',NULL,NULL),(433,271,14,14,'800011','Glasscheibe, Handlauf','1','satiniert',1762.00,1,'Länge: 3550 Feld: 3','Länge: 1000 Feld: 1 Winkel: 90 Innen','','','','','','','satiniert','Metall V2A','1000 mm','Matt','Edelstahl V4A, 45x45 mm, quadratisch ','Seitliche Montage','Freistehender Pfosten mit geradem Abschluss   ','Freistehender Pfosten mit geradem Abschluss    ','3550','2020-05-07 10:12:06','2020-05-07 10:12:06','Glasscheibe, Handlauf','mit',NULL,NULL),(434,271,14,14,'800011','Glasscheibe, Handlauf','1','satiniert',4389.00,1,'Länge: 1000 Feld: 1','Länge: 6935 Feld: 6 Winkel: 90 Innen','Länge: 1000 Feld: 1 Winkel: 90 Innen','','','','','','satiniert','Metall V2A','1000 mm','Matt','Edelstahl V4A, 45x45 mm, quadratisch ','Seitliche Montage','Freistehender Pfosten mit geradem Abschluss   ','Freistehender Pfosten mit geradem Abschluss    ','8935','2020-05-07 10:12:06','2020-05-07 10:12:06','Glasscheibe, Handlauf','mit',NULL,NULL),(455,295,14,14,'800011','Glasscheibe, Handlauf','1','satiniert',3898.06,1,'Länge: 6935 Feld: 6','Länge: 1000 Feld: 1 Winkel: 90 Innen','','','','','','','satiniert','Metall V2A','1000 mm','Hochglanz','Edelstahl V4A, 40x50 mm, abgerundet','Seitliche Montage','Freistehender Pfosten mit geradem Abschluss','Freistehender Pfosten mit geradem Abschluss    ','7935','2020-05-11 08:41:30','2020-05-11 08:41:30','Glasscheibe, Handlauf','mit',NULL,NULL),(456,295,14,14,'800011','Glasscheibe, Handlauf','1','satiniert',1761.69,1,'Länge: 3550 Feld: 3','','','','','','','','satiniert','Metall V2A','1000 mm','Hochglanz','Edelstahl V4A, 40x50 mm, abgerundet','Seitliche Montage','Freistehender Pfosten mit geradem Abschluss','Freistehender Pfosten mit geradem Abschluss    ','3550','2020-05-11 08:41:30','2020-05-11 08:41:30','Glasscheibe, Handlauf','mit',NULL,NULL),(457,295,14,14,'800011','Glasscheibe, Handlauf','1','satiniert',4863.38,1,'Länge: 9900 Feld: 9','','','','','','','','satiniert','Metall V2A','1000 mm','Hochglanz','Edelstahl V4A, 40x50 mm, abgerundet','Seitliche Montage','Freistehender Pfosten mit geradem Abschluss','Freistehender Pfosten mit geradem Abschluss    ','9900','2020-05-11 08:41:30','2020-05-11 08:41:30','Glasscheibe, Handlauf','mit',NULL,NULL),(458,296,14,1,'90077','Blumenkiste 80x40x42','','Braun',61.15,1,NULL,NULL,NULL,NULL,NULL,NULL,NULL,NULL,NULL,NULL,NULL,NULL,NULL,NULL,NULL,NULL,NULL,'2020-05-26 08:31:49','2020-05-26 08:31:49',NULL,NULL,NULL,NULL),(459,297,14,14,'800011','Glasscheibe, Handlauf','1','satiniert',4863.38,1,'Länge: 9900 Feld: 9','','','','','','','','satiniert','Metall V2A','1000 mm','Hochglanz','Edelstahl V4A, 40x50 mm, abgerundet','Seitliche Montage','Freistehender Pfosten mit geradem Abschluss','Freistehender Pfosten mit geradem Abschluss    ','9900','2020-05-26 09:04:44','2020-05-26 09:04:44','Glasscheibe, Handlauf','mit',NULL,NULL),(460,297,14,14,'800011','Glasscheibe, Handlauf','1','satiniert',1761.69,1,'Länge: 3550 Feld: 3','','','','','','','','satiniert','Metall V2A','1000 mm','Hochglanz','Edelstahl V4A, 40x50 mm, abgerundet','Seitliche Montage','Freistehender Pfosten mit geradem Abschluss','Freistehender Pfosten mit geradem Abschluss    ','3550','2020-05-26 09:04:44','2020-05-26 09:04:44','Glasscheibe, Handlauf','mit',NULL,NULL),(461,297,14,14,'800011','Glasscheibe, Handlauf','1','satiniert',3406.81,1,'Länge: 6935 Feld: 6','','','','','','','','satiniert','Metall V2A','1000 mm','Hochglanz','Edelstahl V4A, 40x50 mm, abgerundet','Seitliche Montage','Freistehender Pfosten mit geradem Abschluss','Freistehender Pfosten mit geradem Abschluss    ','6935','2020-05-26 09:04:44','2020-05-26 09:04:44','Glasscheibe, Handlauf','mit',NULL,NULL),(462,298,14,6,'90029','Robinie mit umlaufendem Rahmen','','Braun',155.00,3,NULL,NULL,NULL,NULL,NULL,NULL,NULL,NULL,NULL,NULL,NULL,NULL,NULL,NULL,NULL,NULL,NULL,'2020-05-26 09:29:20','2020-05-26 09:29:20',NULL,NULL,NULL,NULL),(463,298,14,106,'90014','Robinie mit umlaufendem Rahmen','','Braun',107.00,1,NULL,NULL,NULL,NULL,NULL,NULL,NULL,NULL,NULL,NULL,NULL,NULL,NULL,NULL,NULL,NULL,NULL,'2020-05-26 09:29:20','2020-05-26 09:29:20',NULL,NULL,NULL,NULL),(520,336,14,14,'800011','Glasscheibe, Handlauf','1','satiniert',11217.70,1,'Länge: 9900 Feld: 9','Länge: 5000 Feld: 5 Winkel: 90 Aussen','Länge: 6935 Feld: 6 Winkel: 90 Innen','Länge: 1000 Feld: 1 Winkel: 90 Innen','','','','','satiniert','Metall V2A','1000 mm','Hochglanz','Edelstahl V4A, 40x50 mm, abgerundet','Seitliche Montage','Freistehender Pfosten mit geradem Abschluss','Freistehender Pfosten mit geradem Abschluss    ','22835','2020-06-09 18:23:06','2020-06-09 18:23:06','Glasscheibe, Handlauf','mit','0.561477353292243','0.7428940493465108'),(521,337,14,14,'800011','Glasscheibe, Handlauf','1','satiniert',11217.70,1,'Länge: 9900 Feld: 9','Länge: 5000 Feld: 5 Winkel: 90 Aussen','Länge: 6935 Feld: 6 Winkel: 90 Innen','Länge: 1000 Feld: 1 Winkel: 90 Innen','','','','','satiniert','Metall V2A','1000 mm','Hochglanz','Edelstahl V4A, 40x50 mm, abgerundet','Seitliche Montage','Freistehender Pfosten mit geradem Abschluss','Freistehender Pfosten mit geradem Abschluss    ','22835','2020-06-09 18:23:12','2020-06-09 18:23:12','Glasscheibe, Handlauf','mit','0.561477353292243','0.7428940493465108'),(522,338,14,14,'800011','Glasscheibe, Handlauf','1','satiniert',11217.70,1,'Länge: 9900 Feld: 9','Länge: 5000 Feld: 5 Winkel: 90 Aussen','Länge: 6935 Feld: 6 Winkel: 90 Innen','Länge: 1000 Feld: 1 Winkel: 90 Innen','','','','','satiniert','Metall V2A','1000 mm','Hochglanz','Edelstahl V4A, 40x50 mm, abgerundet','Seitliche Montage','Freistehender Pfosten mit geradem Abschluss','Freistehender Pfosten mit geradem Abschluss    ','22835','2020-06-09 18:23:17','2020-06-09 18:23:17','Glasscheibe, Handlauf','mit','0.561477353292243','0.7428940493465108'),(523,339,14,14,'800011','Glasscheibe, Handlauf','1','satiniert',11217.70,1,'Länge: 9900 Feld: 9','Länge: 5000 Feld: 5 Winkel: 90 Aussen','Länge: 6935 Feld: 6 Winkel: 90 Innen','Länge: 1000 Feld: 1 Winkel: 90 Innen','','','','','satiniert','Metall V2A','1000 mm','Hochglanz','Edelstahl V4A, 40x50 mm, abgerundet','Seitliche Montage','Freistehender Pfosten mit geradem Abschluss','Freistehender Pfosten mit geradem Abschluss    ','22835','2020-06-09 18:25:39','2020-06-09 18:25:39','Glasscheibe, Handlauf','mit','0.561477353292243','0.7428940493465108'),(524,340,14,14,'800011','Glasscheibe, Handlauf','1','satiniert',11217.70,1,'Länge: 9900 Feld: 9','Länge: 5000 Feld: 5 Winkel: 90 Aussen','Länge: 6935 Feld: 6 Winkel: 90 Innen','Länge: 1000 Feld: 1 Winkel: 90 Innen','','','','','satiniert','Metall V2A','1000 mm','Hochglanz','Edelstahl V4A, 40x50 mm, abgerundet','Seitliche Montage','Freistehender Pfosten mit geradem Abschluss','Freistehender Pfosten mit geradem Abschluss    ','22835','2020-06-09 18:27:40','2020-06-09 18:27:40','Glasscheibe, Handlauf','mit','0.561477353292243','0.7428940493465108'),(525,341,14,15,'800012','Glasscheibe, ohne Handlauf','1','satiniert',10944.82,1,'Länge: 9900 Feld: 9','Länge: 5000 Feld: 5 Winkel: 90 Aussen','Länge: 6935 Feld: 6 Winkel: 90 Innen','Länge: 1000 Feld: 1 Winkel: 90 Innen','','','','','satiniert','Metall V2A','1000 mm','Hochglanz','Edelstahl V4A, 40x50 mm, abgerundet','Seitliche Montage','Freistehender Pfosten mit geradem Abschluss','Freistehender Pfosten mit geradem Abschluss    ','22835','2020-06-09 18:42:57','2020-06-09 18:42:57','Glasscheibe, ohne Handlauf','mit','0.7467334510078854','0.11683807011599068'),(526,342,14,151,'90011','Robinie mit seitlichem Rahmen','','Braun',89.00,1,NULL,NULL,NULL,NULL,NULL,NULL,NULL,NULL,NULL,NULL,NULL,NULL,NULL,NULL,NULL,NULL,NULL,'2020-06-09 18:44:24','2020-06-09 18:44:24',NULL,NULL,NULL,NULL),(527,343,14,14,'800011','Glasscheibe, Handlauf','1','satiniert',4912.50,1,'Länge: 5000 Feld: 5','Länge: 3000 Feld: 3 Winkel: 90 Aussen','Länge: 2000 Feld: 2 Winkel: 90 Innen','','','','','','satiniert','Metall V2A','1000 mm','Hochglanz','Edelstahl V4A, 40x50 mm, abgerundet','Seitliche Montage','Freistehender Pfosten mit geradem Abschluss','Freistehender Pfosten mit geradem Abschluss    ','10000','2020-06-15 17:41:28','2020-06-15 17:41:28','Glasscheibe, Handlauf','mit','0.12944034041625685','0.7553631671270822'),(528,344,14,14,'800011','Glasscheibe, Handlauf','1','satiniert',9505.69,1,'Länge: 9900 Feld: 9','Länge: 3450 Feld: 3 Winkel: 90 Aussen','Länge: 5000 Feld: 5 Winkel: 90 Innen','Länge: 1000 Feld: 1 Winkel: 90 Innen','','','','','satiniert','Metall V2A','1000 mm','Hochglanz','Edelstahl V4A, 40x50 mm, abgerundet','Seitliche Montage','Freistehender Pfosten mit geradem Abschluss','Freistehender Pfosten mit geradem Abschluss    ','19350','2020-06-15 17:52:03','2020-06-15 17:52:03','Glasscheibe, Handlauf','mit','0.06685700919070647','0.19283365497063398'),(529,345,31,14,'800011','Glasscheibe, Handlauf','1','Klarglas',15130.51,1,'Länge: 9900 Feld: 9','Länge: 9900 Feld: 9 Winkel: 90 Innen','Länge: 4000 Feld: 4 Winkel: 90 Innen','Länge: 7000 Feld: 6 Winkel: 90 Innen','','','','','Klarglas','Metall V2A','1000 mm','Hochglanz','Edelstahl V4A, 40x50 mm, abgerundet','Aufgesetzte Montage mit Fuss','Freistehender Pfosten mit geradem Abschluss','Freistehender Pfosten mit geradem Abschluss    ','30800','2020-06-16 20:56:07','2020-06-16 20:56:07','Glasscheibe, Handlauf','mit','0.5941312753362256','0.2806977657836256'),(530,346,31,14,'800011','Glasscheibe, Handlauf','1','Klarglas',3930.00,1,'Länge: 4000 Feld: 4','Länge: 4000 Feld: 4 Winkel: 90 Innen','','','','','','','Klarglas','Metall V2A','1000 mm','Hochglanz','Edelstahl V4A, 40x50 mm, abgerundet','Aufgesetzte Montage mit Fuss','Freistehender Pfosten mit geradem Abschluss','Freistehender Pfosten mit geradem Abschluss    ','8000','2020-06-17 07:13:07','2020-06-17 07:13:07','Glasscheibe, Handlauf','mit','0.8799429561385561','0.4461012658941539'),(531,347,31,14,'800011','Glasscheibe, Handlauf','1','Klarglas',16113.01,1,'Länge: 9900 Feld: 9','Länge: 9900 Feld: 9 Winkel: 90 Innen','Länge: 6000 Feld: 5 Winkel: 90 Innen','Länge: 7000 Feld: 6 Winkel: 90 Innen','','','','','Klarglas','Metall V2A','1000 mm','Hochglanz','Edelstahl V4A, 40x50 mm, abgerundet','Aufgesetzte Montage mit Fuss','Freistehender Pfosten mit geradem Abschluss','Freistehender Pfosten mit geradem Abschluss    ','32800','2020-06-17 07:19:40','2020-06-17 07:19:40','Glasscheibe, Handlauf','mit','0.9691045545360533','0.506810303927147'),(532,348,31,15,'800012','Glasscheibe, ohne Handlauf','1','Klarglas',12365.94,1,'Länge: 9900 Feld: 9','Länge: 9900 Feld: 9 Winkel: 90 Innen','Länge: 6000 Feld: 5 Winkel: 90 Innen','','','','','','Klarglas','Metall V2A','1000 mm','Hochglanz','Edelstahl V4A, 40x50 mm, abgerundet','Aufgesetzte Montage mit Fuss','Freistehender Pfosten mit geradem Abschluss','Freistehender Pfosten mit geradem Abschluss    ','25800','2020-06-17 07:22:22','2020-06-17 07:22:22','Glasscheibe, ohne Handlauf','mit','0.09780475857025972','0.7588079456093513'),(533,349,31,14,'800011','Glasscheibe, Handlauf','1','Klarglas',5403.75,1,'Länge: 4000 Feld: 4','Länge: 4000 Feld: 4 Winkel: 90 Innen','Länge: 3000 Feld: 3 Winkel: 90 Innen','','','','','','Klarglas','Metall V2A','1000 mm','Hochglanz','Edelstahl V4A, 40x50 mm, abgerundet','Aufgesetzte Montage mit Fuss','Freistehender Pfosten mit geradem Abschluss','Freistehender Pfosten mit geradem Abschluss    ','11000','2020-06-17 07:24:54','2020-06-17 07:24:54','Glasscheibe, Handlauf','mit','0.933076069560788','0.08529269663079964'),(534,350,31,14,'800011','Glasscheibe, Handlauf','1','Klarglas',6386.25,1,'Länge: 4000 Feld: 4','Länge: 3000 Feld: 3 Winkel: 90 Innen','Länge: 6000 Feld: 5 Winkel: 90 Innen','','','','','','Klarglas','Metall V2A','1000 mm','Hochglanz','Edelstahl V4A, 40x50 mm, abgerundet','Aufgesetzte Montage mit Fuss','Freistehender Pfosten mit geradem Abschluss','Freistehender Pfosten mit geradem Abschluss    ','13000','2020-06-17 07:27:34','2020-06-17 07:27:34','Glasscheibe, Handlauf','mit','0.147555643280729','0.43280281349201366'),(535,351,31,14,'800011','Glasscheibe, Handlauf','1','Klarglas',4912.50,1,'Länge: 4000 Feld: 4','Länge: 3000 Feld: 3 Winkel: 90 Innen','Länge: 3000 Feld: 3 Winkel: 90 Innen','','','','','','Klarglas','Metall V2A','1000 mm','Hochglanz','Edelstahl V4A, 40x50 mm, abgerundet','Aufgesetzte Montage mit Fuss','Freistehender Pfosten mit geradem Abschluss','Freistehender Pfosten mit geradem Abschluss    ','10000','2020-06-17 07:31:49','2020-06-17 07:31:49','Glasscheibe, Handlauf','mit','0.10135848748291787','0.36871395958368325'),(536,352,31,15,'800012','Glasscheibe, ohne Handlauf','1','Klarglas',5751.60,1,'Länge: 4000 Feld: 4','Länge: 4000 Feld: 4 Winkel: 90 Innen','Länge: 4000 Feld: 4 Winkel: 90 Innen','','','','','','Klarglas','Metall V2A','1000 mm','Hochglanz','Edelstahl V4A, 40x50 mm, abgerundet','Aufgesetzte Montage mit Fuss  ','Freistehender Pfosten mit geradem Abschluss   ','Freistehender Pfosten mit geradem Abschluss    ','12000','2020-06-17 08:35:53','2020-06-17 08:35:53','Glasscheibe, ohne Handlauf','mit','0.9277998826820488','0.1790631480363114'),(537,353,31,1,'90077','Blumenkiste 80x40x42','','Braun',61.15,1,NULL,NULL,NULL,NULL,NULL,NULL,NULL,NULL,NULL,NULL,NULL,NULL,NULL,NULL,NULL,NULL,NULL,'2020-06-17 08:36:47','2020-06-17 08:36:47',NULL,NULL,NULL,NULL),(538,354,31,14,'800011','Glasscheibe, Handlauf','1','Klarglas',5895.00,1,'Länge: 4000 Feld: 4','Länge: 4000 Feld: 4 Winkel: 90 Innen','Länge: 4000 Feld: 4 Winkel: 90 Innen','','','','','','Klarglas','Metall V2A','1000 mm','Hochglanz','Edelstahl V4A, 40x50 mm, abgerundet','Aufgesetzte Montage mit Fuss','Freistehender Pfosten mit geradem Abschluss','Freistehender Pfosten mit geradem Abschluss    ','12000','2020-06-17 08:38:14','2020-06-17 08:38:14','Glasscheibe, Handlauf','mit','0.9040752222150947','0.8914147559763819'),(539,355,31,14,'800011','Glasscheibe, Handlauf','1','Klarglas',8842.50,1,'Länge: 4000 Feld: 4','Länge: 4000 Feld: 4 Winkel: 90 Innen','Länge: 6000 Feld: 5 Winkel: 90 Innen','Länge: 4000 Feld: 4 Winkel: 90 Innen','','','','','Klarglas','Metall V2A','1000 mm','Hochglanz','Edelstahl V4A, 40x50 mm, abgerundet','Aufgesetzte Montage mit Fuss','Freistehender Pfosten mit geradem Abschluss','Freistehender Pfosten mit geradem Abschluss    ','18000','2020-06-17 10:21:25','2020-06-17 10:21:25','Glasscheibe, Handlauf','mit','0.041570838424001','0.8009239250500955'),(540,355,31,2,'90076','Blumenkiste 50x50x52','','Braun',53.55,1,NULL,NULL,NULL,NULL,NULL,NULL,NULL,NULL,NULL,NULL,NULL,NULL,NULL,NULL,NULL,NULL,NULL,'2020-06-17 10:21:25','2020-06-17 10:21:25',NULL,NULL,NULL,NULL);

--
-- Table structure for table `popup`
--

CREATE TABLE `popup` (
  `id` int(11) NOT NULL AUTO_INCREMENT,
  `image_name` varchar(50) COLLATE utf8mb4_unicode_ci DEFAULT NULL,
  `created_at` datetime DEFAULT CURRENT_TIMESTAMP,
  `updated_at` datetime DEFAULT NULL,
  PRIMARY KEY (`id`)
) ENGINE=InnoDB AUTO_INCREMENT=2 DEFAULT CHARSET=utf8mb4 COLLATE=utf8mb4_unicode_ci;

--
-- Dumping data for table `popup`
--

INSERT INTO `popup` VALUES (1,'popup.jpeg','2019-12-13 13:53:30','2020-04-06 14:12:43');

--
-- Table structure for table `post_categories`
--

CREATE TABLE `post_categories` (
  `id` int(10) unsigned NOT NULL AUTO_INCREMENT,
  `parent_id` int(11) NOT NULL,
  `name` varchar(255) COLLATE utf8mb4_unicode_ci NOT NULL,
  `url` varchar(255) COLLATE utf8mb4_unicode_ci NOT NULL,
  `status` int(11) NOT NULL,
  `created_at` timestamp NULL DEFAULT NULL,
  `updated_at` timestamp NULL DEFAULT NULL,
  PRIMARY KEY (`id`)
) ENGINE=InnoDB AUTO_INCREMENT=3 DEFAULT CHARSET=utf8mb4 COLLATE=utf8mb4_unicode_ci;

--
-- Dumping data for table `post_categories`
--

INSERT INTO `post_categories` VALUES (1,0,'News','news',1,'2019-06-20 13:49:45','2019-06-24 09:33:01'),(2,0,'Dienstleistungen','Dienstleistungen',0,'2020-04-15 06:52:30','2020-04-15 06:52:30');

--
-- Table structure for table `posts`
--

CREATE TABLE `posts` (
  `id` int(10) unsigned NOT NULL AUTO_INCREMENT,
  `post_category_id` int(11) NOT NULL,
  `title` varchar(255) COLLATE utf8mb4_unicode_ci NOT NULL,
  `author` varchar(255) COLLATE utf8mb4_unicode_ci NOT NULL,
  `description` text COLLATE utf8mb4_unicode_ci NOT NULL,
  `image` varchar(255) COLLATE utf8mb4_unicode_ci NOT NULL,
  `created_at` timestamp NULL DEFAULT NULL,
  `updated_at` timestamp NULL DEFAULT NULL,
  PRIMARY KEY (`id`)
) ENGINE=InnoDB AUTO_INCREMENT=14 DEFAULT CHARSET=utf8mb4 COLLATE=utf8mb4_unicode_ci;

--
-- Dumping data for table `posts`
--

INSERT INTO `posts` VALUES (5,0,'3D Konfigurator ist online','L.S.','<p>Ich freue mich Ihnen eine echte Neuheit vorzustellen. Unseren 3D Konfigurator f&uuml;r Terrassengel&auml;nder! Mit unserem Online-Planungswerkzeug k&ouml;nnen Sie einfach und unkompliziert und mit ein paar wenigen Klicks Ihr individuelles Terrassengel&auml;nder planen und bestellen!</p>','42352.jpg','2019-06-24 09:41:19','2019-12-19 10:19:36'),(10,0,'Handelspartner','RD','','74231.jpg','2020-03-05 10:07:12','2020-03-05 10:07:12'),(11,0,'Neu in Murgenthal','RD','','15159.png','2020-04-06 14:06:54','2020-04-06 14:06:54'),(13,0,'Handwerker','RD','<p><strong>Planen Sie eine Renovation f&uuml;r Ihr Haus?</strong></p>\r\n\r\n<p>Transparenz ist uns ein Anligen.&nbsp;Wir helfen Ihnen gerne bei der umsetzung.</p>\r\n\r\n<p>Es w&uuml;rde uns freuen, wenn wir Sie diesbez&uuml;glich&nbsp;bei Ihren Herausforderungen entlasten k&ouml;nnen.</p>\r\n\r\n<p>Maler Arbeiten 75.- / h</p>\r\n\r\n<p>Handwerkliche arbeiten aller Art 75.- / h</p>\r\n\r\n<p>Gartenarbeit algemein 70.- / h</p>\r\n\r\n<p>Rasenfplege 65.- / h</p>','5129.JPG','2020-04-15 08:15:29','2020-04-15 08:15:57');

--
-- Table structure for table `products`
--

CREATE TABLE `products` (
  `id` int(11) NOT NULL AUTO_INCREMENT,
  `category_id` int(11) NOT NULL,
  `product_name` varchar(191) COLLATE utf8mb4_unicode_ci NOT NULL,
  `product_code` varchar(191) COLLATE utf8mb4_unicode_ci NOT NULL,
  `product_color` varchar(191) COLLATE utf8mb4_unicode_ci NOT NULL,
  `dimensions` varchar(211) COLLATE utf8mb4_unicode_ci NOT NULL,
  `description` text COLLATE utf8mb4_unicode_ci NOT NULL,
  `care` text COLLATE utf8mb4_unicode_ci NOT NULL,
  `price` decimal(8,2) NOT NULL,
  `image` varchar(191) COLLATE utf8mb4_unicode_ci NOT NULL,
  `status` tinyint(1) NOT NULL DEFAULT '1',
  `created_at` timestamp NULL DEFAULT NULL,
  `updated_at` timestamp NULL DEFAULT NULL,
  `price_o5` decimal(8,2) DEFAULT NULL,
  `price_i5` decimal(8,2) DEFAULT NULL,
  `price_mn` decimal(8,2) DEFAULT NULL,
  `price_mv` decimal(8,2) DEFAULT NULL,
  PRIMARY KEY (`id`)
) ENGINE=InnoDB AUTO_INCREMENT=156 DEFAULT CHARSET=utf8mb4 COLLATE=utf8mb4_unicode_ci;

--
-- Dumping data for table `products`
--

INSERT INTO `products` VALUES (1,4,'Blumenkiste 80x40x42','90077','Braun','80x40x42','Blumenkiste aus geflochtenem Robinienholz. Boden und Rahmen bestehen aus Tannenholz.','Es lohnt sich die Blumenkiste regelmässig zu reinigen und den Rahmen mit einem Oel zu behandeln.',61.15,'42800.jpg',1,'2019-06-11 20:44:24','2020-05-07 12:07:56',NULL,NULL,0.00,0.00),(2,4,'Blumenkiste 50x50x52','90076','Braun','50x50x52','Blumenkiste aus geflochtenem Robinienholz. Boden und Rahmen bestehen aus Kiefer-Holz','Es lohnt sich die Blumenkiste regelmässig zu reinigen und den Rahmen mit einem Oel zu behandeln.',53.55,'95669.jpg',1,'2019-06-11 20:46:59','2020-05-07 20:34:32',NULL,NULL,0.00,0.00),(5,2,'Robinie mit umlaufendem Rahmen','90017','Braun','100x120','Robinien-Sichtschutzzaun mit umlaufendem Rahmen\r\n100x120','Es lohnt sich die Flechtzäune regelmässig zu reinigen und den Rahmen mit einem Oel zu behandeln.',89.00,'40742.jpg',1,'2019-06-11 21:00:06','2020-05-07 12:01:25',NULL,NULL,0.00,0.00),(6,2,'Robinie mit umlaufendem Rahmen','90029','Braun','180x180','Flechtzaun aus Robinienholz  mit umlaufendem Rahmen\r\n180x180','Es lohnt sich den Zaun regelmässig zu reinigen und den Rahmen mit einem Oel zu behandeln.',155.00,'95670.jpg',1,'2019-06-12 05:19:45','2019-12-05 10:47:11',NULL,NULL,0.00,0.00),(14,12,'Glasscheibe, Handlauf','80011','Silver','1000 x 1000','Geländer V2A Hochglanz \r\nmit obligendem Handlauf \r\n∅ 42mm poliert. Glas','',446.25,'54706.jpg',0,'2019-06-23 15:26:11','2019-12-19 11:02:48',45.00,50.00,422.10,446.25),(15,12,'Glasscheibe, ohne Handlauf','80012','Silver','122','Geländer V2A Hochglanz \r\nohne Handlauf \r\n∅ 42mm poliert, Glas','',434.30,'49872.jpg',0,'2019-06-23 15:27:29','2019-12-19 10:35:16',45.00,50.00,410.00,434.30),(16,12,'Vertikale Staketen','80013','Silver','12','Staketten V2A Hochglanz \r\nmit Handlauf \r\n∅ 42mm poliert. Abstand zwischen den Staketen\r\nbeträgt 9.5mm\r\nStaketen-∅ 12mm','',466.60,'1109.jpg',0,'2019-06-23 15:28:45','2019-12-19 10:36:10',45.00,50.00,430.50,466.60),(104,2,'Robinie mit seitlichem Rahmen','90013','Braun','120x100','Robinienzaun mit \r\nseitlichem Rahmen\r\n120 x 100','Es lohnt sich die Flechtzäune regelmässig zu reinigen und den Rahmen mit einem Oel zu behandeln.',69.00,'95528.jpg',1,'2019-06-20 10:06:31','2019-10-11 19:04:52',NULL,NULL,0.00,0.00),(105,8,'Weide mit seitlichem Rahmen','90018','Braun','180x180','Weidenzaun mit \r\nseitlichem Rahmen\r\n180x180','Es lohnt sich die Flechtzäune regelmässig zu reinigen und den Rahmen mit einem Oel zu behandeln.',89.00,'86424.jpg',1,'2019-06-20 11:28:58','2019-10-11 19:17:50',NULL,NULL,0.00,0.00),(106,2,'Robinie mit umlaufendem Rahmen','90014','Braun','180x120','Robinienzaun mit umlaufendem Rahmen\r\n100x120','Es lohnt sich die Flechtzäune regelmässig zu reinigen und den Rahmen mit einem Oel zu behandeln.',107.00,'26327.jpg',1,'2019-06-20 13:26:43','2019-10-11 19:07:38',NULL,NULL,0.00,0.00),(108,2,'Robinie mit seitlichem Rahmen','90012','Braun','90x180','Robinienzaun mit \r\nseitlichem Rahmen\r\n90x180','Es lohnt sich die Flechtzäune regelmässig zu reinigen und den Rahmen mit einem Oel zu behandeln.',89.00,'87334.jpg',1,'2019-06-21 13:19:29','2019-10-11 19:08:25',NULL,NULL,0.00,0.00),(113,2,'Robinie mit umlaufendem Rahmen','90016','Braun','180x090','Robinien-Sichtschutzzaun mit umlaufendem Rahmen\r\n180 x 090','Es lohnt sich die Flechtzäune regelmässig zu reinigen und den Rahmen mit einem Oel zu behandeln.',93.00,'5015.jpeg',1,'2019-06-27 08:10:18','2020-05-07 12:08:31',NULL,NULL,0.00,0.00),(114,2,'Robinie mit seitlichem Rahmen','90010','Braun','120x180','Robinienzaun mit \r\nseitlichem Rahmen\r\n120x180','Es lohnt sich die Flechtzäune regelmässig zu reinigen und den Rahmen mit einem Oel zu behandeln.',93.00,'12728.png',1,'2019-06-28 06:52:58','2019-10-11 19:09:00',NULL,NULL,0.00,0.00),(115,8,'Weide ohne Rahmen','90022','Braun','180x180','Weidenzaun ohne Rahmen\r\n180x180','Es lohnt sich die Flechtzäune regelmässig zu reinigen und den Rahmen mit einem Oel zu behandeln.',75.00,'82391.png',0,'2019-06-28 09:35:15','2020-04-06 13:15:13',NULL,NULL,0.00,0.00),(150,11,'Mobiler Zaun 100x74','80010','Silber','100x74','Mobiler Zaun mit Fuss 100x74\r\n\r\nMaterial: Vollstahl 0,8 cm\r\nStababstand: 7 cm\r\nVerzinkt','Stababstand: 7 cm\r\nVerzinkt',87.00,'90095.jpg',1,'2019-06-16 17:41:04','2019-10-11 19:10:55',NULL,NULL,0.00,0.00),(151,2,'Robinie mit seitlichem Rahmen','90011','Braun','180x90','Robinienzaun mit \r\nseitlichem Rahmen\r\n120x150','Es lohnt sich die Flechtzäune regelmässig zu reinigen und den Rahmen mit einem Oel zu behandeln.',89.00,'48109.jpg',1,'2019-06-20 09:44:18','2019-10-11 19:11:26',NULL,NULL,0.00,0.00),(152,12,'Französisches Geländer mit V','80014','silver','100','','',394.00,'60989.jpg',0,'2019-08-29 07:14:10','2019-12-20 09:32:18',NULL,NULL,354.00,394.00),(153,12,'Französisches Geländer Standart','80015','silver','100','','',391.00,'14460.jpg',0,'2019-08-29 07:16:03','2019-12-20 09:34:49',45.00,50.00,351.00,391.00),(154,12,'Flachstahlgeländer mit Staketen','80016','silver','100','mit Handlauf und RAL','',365.00,'57454.jpg',0,'2019-08-29 07:17:17','2019-12-20 09:40:20',45.00,50.00,325.40,365.40),(155,1,'proba','1200','silver','100x74','eeee','eee',150.00,'83982.jpg',0,'2019-10-15 07:46:51','2019-10-30 08:50:44',NULL,NULL,0.00,0.00);

--
-- Table structure for table `products_attributes`
--

CREATE TABLE `products_attributes` (
  `id` int(10) unsigned NOT NULL AUTO_INCREMENT,
  `product_id` int(11) NOT NULL,
  `sku` varchar(255) COLLATE utf8mb4_unicode_ci NOT NULL,
  `stock` int(11) NOT NULL,
  `created_at` timestamp NULL DEFAULT NULL,
  `updated_at` timestamp NULL DEFAULT NULL,
  PRIMARY KEY (`id`)
) ENGINE=InnoDB AUTO_INCREMENT=41 DEFAULT CHARSET=utf8mb4 COLLATE=utf8mb4_unicode_ci;

--
-- Dumping data for table `products_attributes`
--

INSERT INTO `products_attributes` VALUES (25,1,'90077',10,'2019-06-21 12:00:54','2019-06-21 12:00:54'),(26,2,'90076',10,'2019-06-21 12:01:06','2019-06-21 12:01:06'),(27,104,'90013',10,'2019-06-21 13:16:52','2019-06-21 13:16:52'),(28,14,'800011',10,'2019-06-23 15:34:57','2019-06-23 15:34:57'),(29,15,'800012',10,'2019-06-23 15:35:14','2019-06-23 15:35:14'),(30,16,'800013',10,'2019-06-23 15:35:33','2019-06-23 15:35:33'),(31,5,'90017',10,'2019-06-24 17:55:57','2019-06-24 17:55:57'),(32,108,'90012',10,'2019-06-24 17:56:15','2019-06-24 17:56:15'),(33,151,'90011',10,'2019-06-24 17:56:26','2019-06-24 17:56:26'),(36,153,'800015',10,'2019-08-30 07:57:34','2019-08-30 07:57:34'),(37,154,'800016',10,'2019-08-30 07:58:37','2019-08-30 07:58:37'),(38,115,'90022',10,'2019-10-04 10:47:27','2019-10-04 10:47:27'),(39,152,'800014',10,'2019-10-04 10:48:43','2019-10-04 10:48:43'),(40,155,'1200',10,'2019-10-15 07:48:09','2019-10-15 07:48:09');

--
-- Table structure for table `products_images`
--

CREATE TABLE `products_images` (
  `id` int(10) unsigned NOT NULL AUTO_INCREMENT,
  `product_id` int(11) NOT NULL,
  `image` varchar(255) COLLATE utf8mb4_unicode_ci NOT NULL,
  `created_at` timestamp NULL DEFAULT NULL,
  `updated_at` timestamp NULL DEFAULT NULL,
  PRIMARY KEY (`id`)
) ENGINE=InnoDB AUTO_INCREMENT=2 DEFAULT CHARSET=utf8mb4 COLLATE=utf8mb4_unicode_ci;

--
-- Dumping data for table `products_images`
--

INSERT INTO `products_images` VALUES (1,155,'76528.jpg','2019-10-15 07:49:17','2019-10-15 07:49:17');


